(-43).
449
Let t(u) = -33*u**2 + 2395*u - 1367. Calculate t(72).
1
Let k(y) = -y**3 + 25*y**2 - 178*y + 26. Determine k(17).
-688
Let d(t) = 459*t**2 - 40852*t - 150. Determine d(89).
-239
Let f(h) = h**3 - 80*h**2 - 3*h - 6677. Give f(0).
-6677
Let h(n) = -n**2 + 304*n - 15395. What is h(66)?
313
Let l(b) = -225188*b + 900683. Determine l(4).
-69
Let z(x) = -112*x**3 - 582*x**2 - 98*x + 64. What is z(-5)?
4
Let p(h) = h**2 - 723*h - 142239. Determine p(-161).
85
Let t(g) = -g**2 - 2503*g - 96076. Determine t(-39).
20
Let x(q) = -29357*q + 176113. Determine x(6).
-29
Let k(r) = -4*r**2 + 15*r + 49. Determine k(-3).
-32
Let b(v) = -v**2 - 1398*v - 253370. Calculate b(-214).
6
Let i(h) = 766*h + 53. Give i(0).
53
Let k(z) = -z**2 - 249*z + 23500. Calculate k(73).
-6
Let u(i) = -i**3 - 5*i**2 + 5077*i + 29. What is u(0)?
29
Let z(y) = 11*y**2 + 166*y - 2445. Determine z(14).
2035
Let i(l) = 863*l + 8038. Calculate i(-13).
-3181
Let g(i) = -810*i**3 + 23*i**2 + 6*i - 3. Determine g(1).
-784
Let f(r) = -162*r**2 - 317*r + 9. Calculate f(-2).
-5
Let x(a) = 3537*a - 10241. Determine x(3).
370
Let n(q) = 10*q**2 - 1623*q + 3755. Calculate n(160).
75
Let v(x) = -x**3 - 10*x**2 + 227*x - 560. Give v(10).
-290
Let y(q) = q**2 - 56838*q - 682207. Determine y(-12).
-7
Let r(o) = -o**3 - 37*o**2 + 226*o + 767. What is r(-42)?
95
Let d(i) = 3632*i - 61787. Determine d(17).
-43
Let q(a) = -a**3 + 55*a**2 - 116*a - 6856. Determine q(50).
-156
Let d(y) = -2*y**3 + 127*y**2 + 2546*y + 11. Determine d(-16).
-21
Let n(z) = 178*z + 2308. Determine n(24).
6580
Let s(h) = -1179*h + 139190. Calculate s(118).
68
Let b(w) = 122*w + 5931. Give b(-61).
-1511
Let x(q) = 5509*q - 76979. Give x(14).
147
Let a(c) = 26905*c + 30725507. Give a(-1142).
-3
Let i(y) = -2*y**3 + 19*y**2 + 1069*y - 7593. Determine i(7).
135
Let i(z) = -25*z**2 + 547*z - 2934. Determine i(12).
30
Let u(k) = -1545*k - 168397. Determine u(-109).
8
Let x(z) = z**2 - 1169796*z + 12867610. Give x(11).
-25
Let h(q) = -904*q + 6323. What is h(7)?
-5
Let k(s) = -s**2 + 72*s + 66. Calculate k(15).
921
Let r(b) = 287*b**3 + 2991*b**2 + 1219*b + 35. What is r(-10)?
-55
Let z(r) = 11*r + 311. What is z(-19)?
102
Let n(l) = 3539*l + 1044072. Determine n(-295).
67
Let o(k) = -19*k**2 + 165*k + 78. Calculate o(6).
384
Let h(g) = -3*g**2 - 568*g + 2918. Give h(-189).
3107
Let z(m) = 5566*m - 1463883. Calculate z(263).
-25
Let s(z) = 2*z**3 - 49*z**2 + 269*z - 35. What is s(8)?
5
Let y(v) = -20*v**3 - 113*v**2 + 25*v - 101. What is y(-6)?
1
Let q(n) = 398*n + 119854. Calculate q(-300).
454
Let f(b) = b**3 + 248*b**2 - 9894*b + 2863. Give f(-283).
-250
Let i(c) = -4*c**2 + 51*c + 522. What is i(-9)?
-261
Let v(i) = -82*i**2 - 88*i + 405. Calculate v(7).
-4229
Let l(f) = -f**2 + 332*f - 18519. Calculate l(85).
2476
Let x(a) = 309*a**2 - 5201*a - 5200. What is x(-1)?
310
Let h(d) = 16871*d + 725521. Determine h(-43).
68
Let m(h) = -2*h**2 + 72*h + 2601. Calculate m(-25).
-449
Let u(o) = 5*o**3 - 259*o**2 - 99*o + 2491. Determine u(52).
47
Let w(v) = 107*v - 3957. Give w(26).
-1175
Let p(j) = 2*j**2 + 110*j - 195. What is p(-59)?
277
Let d(c) = c**3 + 164*c**2 + 4513*c - 250. Give d(-129).
8
Let j(d) = -1581*d - 6639. Calculate j(-4).
-315
Let u(a) = 90468*a - 633265. Give u(7).
11
Let i(j) = j**3 + 134*j**2 + 333*j - 7852. Give i(-131).
8
Let d(i) = 3*i**2 - 61*i - 514. What is d(-11)?
520
Let i(g) = -g**3 + 719*g**2 + 8771*g + 716. What is i(731)?
-15
Let z(l) = -17811*l + 125149. Calculate z(7).
472
Let y(j) = -j**2 + 626*j + 3108. Calculate y(-5).
-47
Let t(q) = 4*q**2 + 213237*q - 1706152. Calculate t(8).
0
Let g(s) = 70*s**3 + 2*s**2 + 221*s - 437. Give g(2).
573
Let b(q) = -q**3 + 17*q**2 - 50*q + 1091. Give b(19).
-581
Let t(d) = 20*d**3 - 115*d**2 - 121*d + 969. Give t(5).
-11
Let d(k) = 4020*k - 56237. Give d(14).
43
Let a(z) = 42526*z - 10801595. What is a(254)?
9
Let t(b) = -1799*b + 46677. Determine t(26).
-97
Let b(n) = -1328*n - 68977. Determine b(-52).
79
Let z(d) = -4112*d - 9823558. Calculate z(-2389).
10
Let l(r) = 24834*r - 2880739. What is l(116)?
5
Let g(a) = 335*a - 10165. Calculate g(33).
890
Let h(q) = 96*q**2 - 777*q + 67. Calculate h(8).
-5
Let k(c) = -3*c**3 - 37*c**2 + 19*c - 211. What is k(-14)?
503
Let v(i) = 2*i**2 + 1678*i - 22110. Calculate v(-852).
42
Let q(x) = 3*x**2 - 2018*x + 9308. Determine q(668).
-44
Let o(c) = -51318*c + 2104156. Calculate o(41).
118
Let d(n) = 20820*n + 645356. Determine d(-31).
-64
Let u(n) = -7*n**2 + 2560*n - 231499. Determine u(202).
-7
Let b(n) = -17*n**2 + 2855*n + 482. What is b(168)?
314
Let n(h) = 62446*h + 874532. Give n(-14).
288
Let c(i) = -13*i**3 + 12182*i**2 - 902*i - 32798. What is c(937)?
-3
Let v(g) = -98919*g - 296781. Give v(-3).
-24
Let a(j) = 4*j**3 - 20*j**2 + 39*j + 19. Give a(6).
397
Let a(p) = p**3 + 569*p**2 - 110*p - 62643. Determine a(-569).
-53
Let h(t) = t**3 + 24*t**2 - 54*t + 77. Give h(-27).
-652
Let d(p) = 3*p**3 - 4*p**2 + 1991*p - 5974. Give d(3).
44
Let i(t) = -t**2 - 1912*t - 225044. What is i(-126)?
-8
Let h(w) = 2134*w - 748964. What is h(351)?
70
Let h(b) = 611*b + 38563. What is h(-64)?
-541
Let z(r) = -61976*r + 185934. Calculate z(3).
6
Let m(n) = 19*n**2 + 1167*n + 466. Give m(-61).
-22
Let o(p) = 31883*p + 2327441. What is o(-73)?
-18
Let v(g) = -g**3 - 76*g**2 - 970*g - 80756. Give v(-77).
-137
Let a(k) = -463*k - 4242. What is a(-9)?
-75
Let p(g) = 23252*g - 837073. Determine p(36).
-1
Let g(k) = -7*k**3 - 54*k**2 - 191*k + 45. Determine g(-4).
393
Let m(x) = 2*x**3 + 5*x**2 + 18*x + 23. What is m(-6)?
-337
Let t(b) = -b**3 - 85*b**2 - 25*b + 11810. Calculate t(-83).
107
Let n(d) = 28212*d + 197426. Give n(-7).
-58
Let o(f) = -5*f**2 + 2508*f - 12502. Calculate o(5).
-87
Let d(t) = 65*t**3 - 15*t**2 + 8*t - 1. Give d(2).
475
Let h(w) = 7*w**2 + 418*w - 1774. What is h(4)?
10
Let i(r) = 3*r**3 - 295*r**2 - 3847*r - 406. What is i(110)?
-76
Let u(m) = -m**3 - 270*m**2 - 13320*m + 272. What is u(-65)?
-53
Let o(q) = q**3 - 1210*q**2 - 236175*q + 33148. Calculate o(1381).
4
Let z(n) = 15525*n - 27898442. Give z(1797).
-17
Let k(i) = -1526*i + 190765. Determine k(125).
15
Let o(q) = q**3 - 7*q**2 - 372*q + 2219. Determine o(6).
-49
Let a(z) = -16*z**2 + 1269*z + 825. What is a(80)?
-55
Let z(x) = 4*x**2 - 136*x - 1867. Calculate z(45).
113
Let q(k) = -k**3 + 51*k**2 + 865*k + 1293. Determine q(-12).
-15
Let l(z) = z**3 - 91*z**2 + 1152*z - 5672. Give l(77).
26
Let k(t) = 2*t**3 + 5*t**2 + 31*t + 30. What is k(0)?
30
Let u(r) = -r**2 + 7568*r + 274280. What is u(-36)?
536
Let a(t) = t**3 - 54*t**2 - 33*t + 1826. Determine a(54).
44
Let s(r) = -10*r**3 + 5*r**2 - 142*r - 684. Determine s(-5).
1401
Let n(m) = m**3 - 102*m**2 + 5899*m - 786140. Determine n(112).
-12
Let c(v) = v**3 + 53*v**2 + 181*v - 1547. What is c(-49)?
-812
Let j(x) = 7127*x - 42894. Determine j(6).
-132
Let s(d) = -5*d**2 + 370*d - 6765. Determine s(33).
0
Let y(w) = -1700*w - 14154. Give y(-8).
-554
Let f(x) = 90*x**2 - 1434*x + 3436. Calculate f(13).
4
Let v(o) = 293201*o + 586400. Give v(-2).
-2
Let d(h) = 377*h - 922. Determine d(2).
-168
Let m(i) = 362832*i - 6893804. Give m(19).
4
Let w(n) = 2*n**3 - 26*n**2 + 9895*n - 128637. What is w(13)?
-2
Let w(a) = 7*a**3 - 9*a**2 - 89*a + 629. Calculate w(5).
834
Let x(q) = 2*q**2 + 462*q + 913. Calculate x(-2).
-3
Let v(k) = -2*k**3 - 610*k**2 + 6910*k - 13254. Give v(-316).
18
Let i(q) = -2*q**2 + 955*q - 110021. Determine i(194).
-23
Let n(o) = -847266*o - 1694512. What is n(-2)?
20
Let m(z) = -12*z**2 + 3786*z - 50634. Determine m(14).
18
Let b(y) = 490*y - 3608. Determine b(6).
-668
Let c(u) = -u**3 + 65*u**2 - 1054*u - 59. Give c(32).
5
Let z(g) = -5*g**2 + 1512*g - 64503. What is z(251)?
4
Let o(a) = -2*a**2 + 592*a - 33824. Calculate o(77).
-98
Let a(t) = 3*t**3 - 366*t**2 + 2082*t + 704. What is a(116)?
8
Let m(i) = 2*i**3 + 215*i**2 - 100*i + 906. Calculate m(-108).
42
Let s(t) = 128*t - 5440. Calculate s(31).
-1472
Let r(m) = 19*m**2 + 1948*m + 37345. Give r(-77).
0
Let z(f) = 14*f**2 + 2803*f + 110532. Give z(-54).
-6
Let l(t) = t**2 - 13668*t + 34669604. Calculate l(3365).
9
Let z(y) = 6*y**2 + 95*y + 405. Give z(-11).
86
Let i(t) = -176*t**2 + 1343*t - 4017. What is i(3)?
-1572
Let g(